{"id":456,"date":"2019-03-20T10:31:18","date_gmt":"2019-03-20T10:31:18","guid":{"rendered":"http:\/\/vaikubalsas.mruni.eu\/?page_id=456"},"modified":"2023-05-12T07:07:04","modified_gmt":"2023-05-12T07:07:04","slug":"pranesimu-konkurso-nuostatai","status":"publish","type":"page","link":"https:\/\/vaikubalsas.mruni.eu\/?page_id=456","title":{"rendered":"Prane\u0161im\u0173 konkurso nuostatai"},"content":{"rendered":"\n<p><strong>I. BENDROJI DALIS<\/strong><\/p>\n\n\n\n<p>1. Vaik\u0173 prane\u0161im\u0173 konkurso \u201eLietuvos vaik\u0173 balsas\u201c (toliau \u2013 Konkursas) nuostatai (toliau \u2013 Nuostatai) apibr\u0117\u017eia konkurso organizatorius, tiksl\u0105,&nbsp; u\u017edavinius, dalyvius, s\u0105lygas, konkurso laim\u0117toj\u0173 nustatymo ir dalyvi\u0173 apdovanojimo tvark\u0105.<\/p>\n\n\n\n<p>2. Konkurso organizatorius \u2013 Mykolo Romerio universiteto \u017dmogaus ir visuomen\u0117s studij\u0173 fakulteto Edukologijos ir socialinio darbo institutas (toliau \u2013 Organizatorius).<\/p>\n\n\n\n<p>3. Konkurso koordinatorius ir kontaktinis asmuo: prof. dr. Jolanta Pivorien\u0117, el. pa\u0161tas: <a href=\"mailto:lietuvosvaikubalsas@mruni.eu\">lietuvosvaikubalsas@mruni.eu<\/a><strong><\/strong><\/p>\n\n\n\n<p><strong>II. KONKURSO TIKSLAI IR U\u017dDAVINIAI<\/strong><\/p>\n\n\n\n<p>4. Konkursas skirtas pamin\u0117ti Tarptautin\u0119 vaik\u0173 gynimo dien\u0105. Dalyviai kvie\u010diami i\u0161reik\u0161ti savo nuomon\u0119 jiems r\u016bpimais klausimais, ra\u0161ant prane\u0161im\u0105 tema <em>\u201eJeigu tur\u0117\u010diau stebukl\u0173 lazdel\u0119 &#8230;\u201c<\/em>.<\/p>\n\n\n\n<p>5. Konkurso tikslas \u2013 suteikti vaikui galimyb\u0119 i\u0161sakyti savo nuomon\u0119 apie tai, kas jam r\u016bpi.<\/p>\n\n\n\n<p>6. U\u017edaviniai:<\/p>\n\n\n\n<p>6.1. Skatinti pilietin\u0119 dr\u0105s\u0105 ir aktyvum\u0105, atsakingai i\u0161sakant savo nuomon\u0119;<\/p>\n\n\n\n<p>6.2. Puosel\u0117ti vaik\u0173 savirai\u0161k\u0105 ir k\u016brybi\u0161kum\u0105.<\/p>\n\n\n\n<p><strong>III. DALYVIAI<\/strong><\/p>\n\n\n\n<p>7. Konkurse gali dalyvauti visi Lietuvos mokiniai (nuo 6 iki 18 met\u0173).<strong><\/strong><\/p>\n\n\n\n<p><strong>IV. KONKURSO S\u0104LYGOS<\/strong><\/p>\n\n\n\n<p>8. Konkursui pateikiami <em>individual\u016bs<\/em> darbai. Vienas mokinys gali b\u016bti tik vieno prane\u0161imo autorius.<\/p>\n\n\n\n<p>9. Konkursui pateikiamo prane\u0161imo forma \u2013 tekstas, para\u0161ytas ne daugiau kaip dviejuose A4 formato lapuose. Teksto apimtis \u2013 iki 4000 spaudos \u017eenkl\u0173 su tarpais.<\/p>\n\n\n\n<p>10. Pateikiant prane\u0161imo tekst\u0105 u\u017epildoma elektronin\u0117 konkurso dalyvio anketa; prane\u0161imas privalo tur\u0117ti pavadinim\u0105, kur\u012f taip pat reikia nurodyti dalyvio anketoje.<\/p>\n\n\n\n<p>11. Prane\u0161imo tekstas \u012fkeliamas \u012f elektronin\u0117je dalyvio anketoje skirt\u0105 graf\u0105.<em><\/em><\/p>\n\n\n\n<p><strong>V. KONKURSO DARB\u0172 VERTINIMAS<\/strong><\/p>\n\n\n\n<p>12. Konkursui pateikti prane\u0161imai vertinami 1-2, 3-4, 5-6, 7-8, 9-10, 11-12 klasi\u0173 am\u017eiaus grup\u0117se.<\/p>\n\n\n\n<p>13. Organizatorius sudaro vertinimo komisij\u0105.<\/p>\n\n\n\n<p>14. Konkurso vertinimo komisija atsi\u017evelgia \u012f:<\/p>\n\n\n\n<p>14.1. prane\u0161imo atitikim\u0105 temai <em>\u201eJeigu tur\u0117\u010diau stebukl\u0173 lazdel\u0119 &#8230;\u201c<\/em>;<\/p>\n\n\n\n<p>14.2. pavadinimo ir teksto originalum\u0105:<\/p>\n\n\n\n<p>14.3. k\u016brybi\u0161kum\u0105;<\/p>\n\n\n\n<p>14.4. argument\u0173 \u012ftikinamum\u0105;<\/p>\n\n\n\n<p>14.5. min\u010di\u0173 d\u0117stymo nuoseklum\u0105;<\/p>\n\n\n\n<p>14.6. kalbos taisyklingum\u0105.<\/p>\n\n\n\n<p>15. Kiekvienoje am\u017eiaus grup\u0117je bus i\u0161rinkta po 3 nugal\u0117tojus.<\/p>\n\n\n\n<p>16. Nugal\u0117tojai bus kvie\u010diami perskaityti savo prane\u0161imus konferencijoje \u201eLietuvos vaik\u0173 balsas\u201c, vyksian\u010dioje <strong>2023 m. bir\u017eelio 1 d.<\/strong> Mykolo Romerio universitete adresu Ateities g. 20, I-201 aud. Vilnius.<\/p>\n\n\n\n<p>17. Konkurso s\u0105lyg\u0173 neatitinkantys darbai nebus vertinami.<\/p>\n\n\n\n<p><strong>VI. KONKURSO ORGANIZAVIMO TVARKA<\/strong><\/p>\n\n\n\n<pre class=\"wp-block-preformatted\">18. Vaik\u0173 prane\u0161imai iki 2022 m. <strong>gegu\u017e\u0117s 18 d.<\/strong> \u012fkeliami \u012f elektronin\u0119 konkurso dalyvio registracijos anket\u0105: <a href=\"https:\/\/forms.office.com\/r\/tGbPCGSQYm\">https:\/\/forms.office.com\/r\/tGbPCGSQYm<\/a><\/pre>\n\n\n\n<p>19. Vertinimo komisija <strong>2023 m. gegu\u017e\u0117s 23 d. <\/strong>skelbia konkurso rezultatus interneto svetain\u0117je <a rel=\"noreferrer noopener\" href=\"https:\/\/vaikubalsas.mruni.eu\/\" target=\"_blank\">https:\/\/vaikubalsas.mruni.eu\/<\/a><strong> <\/strong>bei informuoja konkurso nugal\u0117tojus asmeni\u0161kai el. pa\u0161tu.<\/p>\n\n\n\n<p>20. Konkurso dalyvi\u0173 ir nugal\u0117toj\u0173 prane\u0161imai bus talpinami organizatoriaus tinklapyje <a href=\"https:\/\/vaikubalsas.mruni.eu\/\" target=\"_blank\" rel=\"noreferrer noopener\">https:\/\/vaikubalsas.mruni.eu\/<\/a><\/p>\n\n\n\n<p><strong>VII. RENGINI\u0172 DALYVI\u0172 APDOVANOJIMAS<\/strong><\/p>\n\n\n\n<p>21. Konkurso nugal\u0117tojai bus apdovanoti vaik\u0173 konferencijoje<strong> \u201eLietuvos vaik\u0173 balsas\u201c<\/strong>,kuri skirta pamin\u0117ti Tarptautin\u0119 vaik\u0173 gynimo dien\u0105 <strong>2023 m. bir\u017eelio 1 d.<\/strong><\/p>\n\n\n\n<p>22. Nugal\u0117tojai bus apdovanojami atminimo dovanomis, o pedagogams, kuri\u0173 mokiniai taps laureatais, bus \u012fteikti pad\u0117kos ra\u0161tai.<\/p>\n\n\n\n<p><strong>VIII. KITOS S\u0104LYGOS<\/strong><\/p>\n\n\n\n<p>23. Konkurso dalyviai, atsi\u0173sdami prane\u0161imus, sutinka su konkurso nuostatomis ir perleid\u017eia savo autorines teises \u012f k\u016brin\u012f konkurso organizatoriams.<\/p>\n\n\n\n<p>24. Organizatorius n\u0117ra atsakingas u\u017e bet kokias asmenines i\u0161laidas, susijusias su dalyvavimu konkurse.<\/p>\n\n\n\n<p>25. Organizatorius neatsako u\u017e siuntimo metu dingusius, pa\u017eeistus ar sugadintus tekstus.<\/p>\n\n\n\n<p>26. Konkurso dalyviai sutinka, kad foto nuotraukos ar video med\u017eiaga su asmeniniu atvaizdu i\u0161 apdovanojim\u0173 ceremonijos ar kit\u0173 su konkursu susijusi\u0173 rengini\u0173, b\u016bt\u0173 publikuojamos vie\u0161ai ir naudojamos rinkodaros tikslams.<\/p>\n\n\n\n<p>27. Konkurso organizatorius pasilieka teis\u0119 keisti konkurso taisykles, apie tai informuodamas MRU internetiniame puslapyje (<a href=\"https:\/\/vaikubalsas.mruni.eu\/\" target=\"_blank\" rel=\"noreferrer noopener\">https:\/\/vaikubalsas.mruni.eu\/<\/a>).<\/p>\n\n\n\n<p> <p>\u00a0<\/p> <figure class=\"wp-block-gallery columns-1 is-cropped\"> <figure><img decoding=\"async\" data-id=\"1288\" data-full-url=\"https:\/\/vaikubalsas.mruni.eu\/wp-content\/uploads\/2021\/03\/LVB_pranesimu_konkurso_dalyvio-anketa-2021.jpg\" data-link=\"https:\/\/vaikubalsas.mruni.eu\/?attachment_id=1288\" class=\"wp-image-1288\" src=\"https:\/\/vaikubalsas.mruni.eu\/wp-content\/uploads\/2021\/03\/LVB_pranesimu_konkurso_dalyvio-anketa-2021-724x1024.jpg\" alt=\"\"><\/figure> <\/figure><\/p>\n","protected":false},"excerpt":{"rendered":"<p>I. BENDROJI DALIS 1. Vaik\u0173 prane\u0161im\u0173 konkurso \u201eLietuvos vaik\u0173 balsas\u201c (toliau \u2013 Konkursas) nuostatai (toliau \u2013 Nuostatai) apibr\u0117\u017eia konkurso organizatorius, tiksl\u0105,&nbsp; u\u017edavinius, dalyvius, s\u0105lygas, konkurso laim\u0117toj\u0173 nustatymo ir dalyvi\u0173 apdovanojimo tvark\u0105. 2. Konkurso organizatorius \u2013 Mykolo Romerio universiteto \u017dmogaus ir visuomen\u0117s studij\u0173 fakulteto Edukologijos ir socialinio darbo institutas (toliau \u2013 Organizatorius). 3. Konkurso koordinatorius ir [&hellip;]<\/p>\n","protected":false},"author":1,"featured_media":0,"parent":0,"menu_order":0,"comment_status":"closed","ping_status":"closed","template":"","meta":{"footnotes":""},"class_list":["post-456","page","type-page","status-publish","hentry"],"_links":{"self":[{"href":"https:\/\/vaikubalsas.mruni.eu\/index.php?rest_route=\/wp\/v2\/pages\/456","targetHints":{"allow":["GET"]}}],"collection":[{"href":"https:\/\/vaikubalsas.mruni.eu\/index.php?rest_route=\/wp\/v2\/pages"}],"about":[{"href":"https:\/\/vaikubalsas.mruni.eu\/index.php?rest_route=\/wp\/v2\/types\/page"}],"author":[{"embeddable":true,"href":"https:\/\/vaikubalsas.mruni.eu\/index.php?rest_route=\/wp\/v2\/users\/1"}],"replies":[{"embeddable":true,"href":"https:\/\/vaikubalsas.mruni.eu\/index.php?rest_route=%2Fwp%2Fv2%2Fcomments&post=456"}],"version-history":[{"count":18,"href":"https:\/\/vaikubalsas.mruni.eu\/index.php?rest_route=\/wp\/v2\/pages\/456\/revisions"}],"predecessor-version":[{"id":2092,"href":"https:\/\/vaikubalsas.mruni.eu\/index.php?rest_route=\/wp\/v2\/pages\/456\/revisions\/2092"}],"wp:attachment":[{"href":"https:\/\/vaikubalsas.mruni.eu\/index.php?rest_route=%2Fwp%2Fv2%2Fmedia&parent=456"}],"curies":[{"name":"wp","href":"https:\/\/api.w.org\/{rel}","templated":true}]}}