{"id":1163,"date":"2020-05-24T15:00:36","date_gmt":"2020-05-24T15:00:36","guid":{"rendered":"http:\/\/vaikubalsas.mruni.eu\/?page_id=1163"},"modified":"2023-04-05T09:24:41","modified_gmt":"2023-04-05T09:24:41","slug":"registracija-i-konferencija","status":"publish","type":"page","link":"https:\/\/vaikubalsas.mruni.eu\/?page_id=1163","title":{"rendered":"Registracija \u012f konferencij\u0105"},"content":{"rendered":"\n<p>Darbai (prane\u0161imai, pie\u0161iniai, vaizdo klipai) konkurs\u0173 nuostatuose nurodyta tvarka pateikiami organizatoriui iki<strong> 2023 m. gegu\u017e\u0117s 12 d. <\/strong>(imtinai) <\/p>\n\n\n\n<p>Nuoroda \u012f konkurso dalyvio registracijos anket\u0105: <a href=\"https:\/\/forms.office.com\/r\/tGbPCGSQYm\">https:\/\/forms.office.com\/r\/tGbPCGSQYm<\/a><\/p>\n\n\n\n<p>Visi vaikai, nepriklausomai nuo to, ar dalyvauja konkursuose ar ne, taip pat juos lydintys suaugusieji kvie\u010diami dalyvauti vaik\u0173 konferencijoje \u201eLietuvos vaik\u0173 balsas\u201c, kuri vyks <strong>2023 m. bir\u017eelio 1 dien\u0105<\/strong> Mykolo Romerio universitete adresu Ateities g. 20, I-201 aud. Vilnius.<\/p>\n\n\n\n<p><strong>Registruotis \u012f konferencij\u0105 galima paspaudus \u0161i\u0105 nuorod\u0105: <\/strong><a href=\"https:\/\/forms.office.com\/r\/tGbPCGSQYm\">https:\/\/forms.office.com\/r\/tGbPCGSQYm<\/a><\/p>\n\n\n\n<p>Registracija \u012f rengin\u012f vyksta iki <strong>2023 m. gegu\u017e\u0117s 12 d. <\/strong>(imtinai).<\/p>\n\n\n\n<p><\/p>\n\n\n\n<p><\/p>\n","protected":false},"excerpt":{"rendered":"<p>Darbai (prane\u0161imai, pie\u0161iniai, vaizdo klipai) konkurs\u0173 nuostatuose nurodyta tvarka pateikiami organizatoriui iki 2023 m. gegu\u017e\u0117s 12 d. (imtinai) Nuoroda \u012f konkurso dalyvio registracijos anket\u0105: https:\/\/forms.office.com\/r\/tGbPCGSQYm Visi vaikai, nepriklausomai nuo to, ar dalyvauja konkursuose ar ne, taip pat juos lydintys suaugusieji kvie\u010diami dalyvauti vaik\u0173 konferencijoje \u201eLietuvos vaik\u0173 balsas\u201c, kuri vyks 2023 m. bir\u017eelio 1 dien\u0105 Mykolo [&hellip;]<\/p>\n","protected":false},"author":1,"featured_media":0,"parent":0,"menu_order":0,"comment_status":"closed","ping_status":"closed","template":"","meta":{"footnotes":""},"class_list":["post-1163","page","type-page","status-publish","hentry"],"_links":{"self":[{"href":"https:\/\/vaikubalsas.mruni.eu\/index.php?rest_route=\/wp\/v2\/pages\/1163","targetHints":{"allow":["GET"]}}],"collection":[{"href":"https:\/\/vaikubalsas.mruni.eu\/index.php?rest_route=\/wp\/v2\/pages"}],"about":[{"href":"https:\/\/vaikubalsas.mruni.eu\/index.php?rest_route=\/wp\/v2\/types\/page"}],"author":[{"embeddable":true,"href":"https:\/\/vaikubalsas.mruni.eu\/index.php?rest_route=\/wp\/v2\/users\/1"}],"replies":[{"embeddable":true,"href":"https:\/\/vaikubalsas.mruni.eu\/index.php?rest_route=%2Fwp%2Fv2%2Fcomments&post=1163"}],"version-history":[{"count":15,"href":"https:\/\/vaikubalsas.mruni.eu\/index.php?rest_route=\/wp\/v2\/pages\/1163\/revisions"}],"predecessor-version":[{"id":2090,"href":"https:\/\/vaikubalsas.mruni.eu\/index.php?rest_route=\/wp\/v2\/pages\/1163\/revisions\/2090"}],"wp:attachment":[{"href":"https:\/\/vaikubalsas.mruni.eu\/index.php?rest_route=%2Fwp%2Fv2%2Fmedia&parent=1163"}],"curies":[{"name":"wp","href":"https:\/\/api.w.org\/{rel}","templated":true}]}}