{"id":1147,"date":"2020-05-22T07:33:34","date_gmt":"2020-05-22T07:33:34","guid":{"rendered":"http:\/\/vaikubalsas.mruni.eu\/?page_id=1147"},"modified":"2025-05-22T12:40:48","modified_gmt":"2025-05-22T12:40:48","slug":"piesiniu-konkurso-laureatai","status":"publish","type":"page","link":"https:\/\/vaikubalsas.mruni.eu\/?page_id=1147","title":{"rendered":"Pie\u0161ini\u0173 konkurso laureatai"},"content":{"rendered":"\n<p>Prane\u0161im\u0173 konkurso laureatai<\/p>\n\n\n\n<p><strong>3-5 metai<\/strong><\/p>\n\n\n\n<ol class=\"wp-block-list\">\n<li>Agota Stanynait\u0117&nbsp;\u201eA\u0161 ir mano t\u0117tis\u201c (Jonavos Ruklos J. Stanislausko mok.-daug. centro skyrius \u201ePu\u0161ait\u0117\u201c, mokytoja Ramun\u0117 Repe\u010dkien\u0117)<\/li>\n\n\n\n<li>Nauris Bari\u0161auskas&nbsp;\u201eKatinas Felimonas\u201c (Vilniaus lop\u0161elis- dar\u017eelis \u201eV\u0117trung\u0117\u201c, mokytoja Ana Pipilevi\u010dien\u0117)<\/li>\n\n\n\n<li>Adomas Paulauskas&nbsp;\u201eLaisvi kaip drugeliai\u201c (Jonavos vaik\u0173 lop\u0161elis-dar\u017eelis \u201eDobilas\u201c, mokytoja Dijana Borisovien\u0117)<\/li>\n<\/ol>\n\n\n\n<p><strong>6-8 metai<\/strong><\/p>\n\n\n\n<ol class=\"wp-block-list\">\n<li>Liepa \u017diedait\u0117 \u201eF\u0117ja ir Vienaragis\u201c (mokytoja Odeta Staponkut\u0117-Jur\u0161\u0117nien\u0117)<\/li>\n\n\n\n<li>Adas Vilkys&nbsp;\u201eLietuvos didvyriai-Darius ir Gir\u0117nas\u201c (\u0160ilal\u0117s raj. Dail\u0117s studija \u201eSpalv\u0173 krait\u0117\u201c, mokytoja Laima \u0160epikait\u0117)<\/li>\n\n\n\n<li>Emilija Lieponyt\u0117&nbsp;\u201eG\u0117li\u0173 f\u0117ja\u201c (Kauno Juozo Urb\u0161io progimnazija, mokytoja Audron\u0117 Andrulevi\u010dien\u0117)<\/li>\n<\/ol>\n\n\n\n<p><strong>9-11 met\u0173<\/strong><\/p>\n\n\n\n<ol class=\"wp-block-list\">\n<li>Viktorija Liegut\u0117&nbsp;\u201e\u0160vyt\u0117jimas\u201c (Vilniaus \u0160e\u0161kin\u0117s pradin\u0117 mokykla, socialin\u0117 pedagog\u0117 Agn\u0117 Kri\u0161\u010di\u016bnait\u0117)<\/li>\n\n\n\n<li>Matilda Tie\u0161yt\u0117&nbsp;\u201eKarate treniruot\u0117 su treneriu Tomu\u201c (Vilniaus Abraomo Kulve\u010dio klasikin\u0117 gimnazija. mokytoja Rasa Vaitkut\u0117-\u017demaitien\u0117)<\/li>\n\n\n\n<li>Vytaut\u0117 Alksnyt\u0117&nbsp;\u201eMano herojus Paulius Samo\u0161ka- pasaulio klaj\u016bnas\u201c (Jurbarko Naujamies\u010dio progimnazija, socialin\u0117 pedagog\u0117 Saulena Luk\u0161ien\u0117)<\/li>\n<\/ol>\n\n\n\n<p><strong>12-14 met\u0173<\/strong><\/p>\n\n\n\n<ol class=\"wp-block-list\">\n<li>Rusn\u0117 Baranauskait\u0117&nbsp;\u201eMano herojus\u201c (Vilniaus \u017dygimanto Augusto progimnazija, mokytoja Agn\u0117 Varpukevi\u010di\u016bt\u0117)<\/li>\n\n\n\n<li>Ieva D\u016bk\u0161tait\u0117&nbsp;&nbsp;\u201eMano Herojus- Mamos \u0161ypsena\u201c (Vilniaus \u017dygimanto Augusto progimnazija, mokytoja Agn\u0117 Varpukevi\u010di\u016bt\u0117)<\/li>\n\n\n\n<li>Karolis Jur\u0117nas&nbsp;\u201eGreitesnis u\u017e mirt\u012f\u201c (Vilniaus \u017demynos progimnazija, mokytoja Genut\u0117 Aninkevi\u010dien\u0117)<\/li>\n<\/ol>\n\n\n\n<p><strong>15-18 met\u0173<\/strong><\/p>\n\n\n\n<ol class=\"wp-block-list\">\n<li>Ignas Bau\u017ea&nbsp;\u201eTaikos \u012e\u017eiebimas\u201c (\u0160iauli\u0173 Juliaus Janonio gimnazija, mokytoja Ingrida Budraitien\u0117)<\/li>\n\n\n\n<li>Liucija Yakobchuk \u201ePaty\u010dios\u201c (LSB Kauno skyriaus VDC&nbsp;&nbsp;\u201eU\u017euov\u0117ja\u201c, socialin\u0117 darbuotoja Daiva Dainien\u0117)<\/li>\n\n\n\n<li>Saul\u0117 Chlynovait\u0117 \u201eSerg\u0117toja ir u\u017etar\u0117ja\u201c (Vilniaus karaliaus Mindaugo mokykla, mokytoja Kristina Rimkut\u0117)<\/li>\n<\/ol>\n","protected":false},"excerpt":{"rendered":"<p>Prane\u0161im\u0173 konkurso laureatai 3-5 metai 6-8 metai 9-11 met\u0173 12-14 met\u0173 15-18 met\u0173<\/p>\n","protected":false},"author":1,"featured_media":0,"parent":0,"menu_order":0,"comment_status":"closed","ping_status":"closed","template":"","meta":{"footnotes":""},"class_list":["post-1147","page","type-page","status-publish","hentry"],"_links":{"self":[{"href":"https:\/\/vaikubalsas.mruni.eu\/index.php?rest_route=\/wp\/v2\/pages\/1147","targetHints":{"allow":["GET"]}}],"collection":[{"href":"https:\/\/vaikubalsas.mruni.eu\/index.php?rest_route=\/wp\/v2\/pages"}],"about":[{"href":"https:\/\/vaikubalsas.mruni.eu\/index.php?rest_route=\/wp\/v2\/types\/page"}],"author":[{"embeddable":true,"href":"https:\/\/vaikubalsas.mruni.eu\/index.php?rest_route=\/wp\/v2\/users\/1"}],"replies":[{"embeddable":true,"href":"https:\/\/vaikubalsas.mruni.eu\/index.php?rest_route=%2Fwp%2Fv2%2Fcomments&post=1147"}],"version-history":[{"count":28,"href":"https:\/\/vaikubalsas.mruni.eu\/index.php?rest_route=\/wp\/v2\/pages\/1147\/revisions"}],"predecessor-version":[{"id":2559,"href":"https:\/\/vaikubalsas.mruni.eu\/index.php?rest_route=\/wp\/v2\/pages\/1147\/revisions\/2559"}],"wp:attachment":[{"href":"https:\/\/vaikubalsas.mruni.eu\/index.php?rest_route=%2Fwp%2Fv2%2Fmedia&parent=1147"}],"curies":[{"name":"wp","href":"https:\/\/api.w.org\/{rel}","templated":true}]}}

Piešinių konkurso laureatai

<p>Pranešimų konkurso laureatai</p>



<p><strong>3-5 metai</strong></p>



<ol class="wp-block-list">
<li>Agota Stanynaitė&nbsp;„Aš ir mano tėtis“ (Jonavos Ruklos J. Stanislausko mok.-daug. centro skyrius „Pušaitė“, mokytoja Ramunė Repečkienė)</li>



<li>Nauris Barišauskas&nbsp;„Katinas Felimonas“ (Vilniaus lopšelis- darželis „Vėtrungė“, mokytoja Ana Pipilevičienė)</li>



<li>Adomas Paulauskas&nbsp;„Laisvi kaip drugeliai“ (Jonavos vaikų lopšelis-darželis „Dobilas“, mokytoja Dijana Borisovienė)</li>
</ol>



<p><strong>6-8 metai</strong></p>



<ol class="wp-block-list">
<li>Liepa Žiedaitė „Fėja ir Vienaragis“ (mokytoja Odeta Staponkutė-Juršėnienė)</li>



<li>Adas Vilkys&nbsp;„Lietuvos didvyriai-Darius ir Girėnas“ (Šilalės raj. Dailės studija „Spalvų kraitė“, mokytoja Laima Šepikaitė)</li>



<li>Emilija Lieponytė&nbsp;„Gėlių fėja“ (Kauno Juozo Urbšio progimnazija, mokytoja Audronė Andrulevičienė)</li>
</ol>



<p><strong>9-11 metų</strong></p>



<ol class="wp-block-list">
<li>Viktorija Liegutė&nbsp;„Švytėjimas“ (Vilniaus Šeškinės pradinė mokykla, socialinė pedagogė Agnė Kriščiūnaitė)</li>



<li>Matilda Tiešytė&nbsp;„Karate treniruotė su treneriu Tomu“ (Vilniaus Abraomo Kulvečio klasikinė gimnazija. mokytoja Rasa Vaitkutė-Žemaitienė)</li>



<li>Vytautė Alksnytė&nbsp;„Mano herojus Paulius Samoška- pasaulio klajūnas“ (Jurbarko Naujamiesčio progimnazija, socialinė pedagogė Saulena Lukšienė)</li>
</ol>



<p><strong>12-14 metų</strong></p>



<ol class="wp-block-list">
<li>Rusnė Baranauskaitė&nbsp;„Mano herojus“ (Vilniaus Žygimanto Augusto progimnazija, mokytoja Agnė Varpukevičiūtė)</li>



<li>Ieva Dūkštaitė&nbsp;&nbsp;„Mano Herojus- Mamos šypsena“ (Vilniaus Žygimanto Augusto progimnazija, mokytoja Agnė Varpukevičiūtė)</li>



<li>Karolis Jurėnas&nbsp;„Greitesnis už mirtį“ (Vilniaus Žemynos progimnazija, mokytoja Genutė Aninkevičienė)</li>
</ol>



<p><strong>15-18 metų</strong></p>



<ol class="wp-block-list">
<li>Ignas Bauža&nbsp;„Taikos Įžiebimas“ (Šiaulių Juliaus Janonio gimnazija, mokytoja Ingrida Budraitienė)</li>



<li>Liucija Yakobchuk „Patyčios“ (LSB Kauno skyriaus VDC&nbsp;&nbsp;„Užuovėja“, socialinė darbuotoja Daiva Dainienė)</li>



<li>Saulė Chlynovaitė „Sergėtoja ir užtarėja“ (Vilniaus karaliaus Mindaugo mokykla, mokytoja Kristina Rimkutė)</li>
</ol>

<p>Pranešimų konkurso laureatai 3-5 metai 6-8 metai 9-11 metų 12-14 metų 15-18 metų</p>
